f 8/m + (2715/(-4))/(-3)?
2, 113
Let b be (2/(-4))/(7/(-28)). Suppose j - 3 = c, -j + 9 = -b*c + 3. Suppose -48 = -4*n + 3*v, 5*n + j*n + v - 60 = 0. List the prime factors of n.
2, 3
Suppose a + 2*a - 10 = -h, 0 = -5*a - 4*h + 12. Suppose -2*s = -5*k - 41, 130 = a*s - 5*k + 23. List the prime factors of s.
3, 11
Suppose -6*h - 764 = 1420. Let k be (-2)/((-1448)/h + -4). Suppose 0 = -4*f + 259 - k. What are the prime factors of f?
2, 3, 7
Let x(j) = j**2 - 6*j - 5. Let g be x(7). Suppose -5*c + g = -13. Suppose 2*z + 0 + 7 = 3*w, c*w = -4*z + 31. List the prime factors of z.
2
Let y(w) = w**2 - 4*w - 4. Let m be y(-7). Suppose 7*n = n - 252. Let p = m + n. What are the prime factors of p?
31
Let y = 0 + 0. List the prime factors of 49 + (y/(-2))/1.
7
Let s be 4*(-1)/2*-8. Suppose -4*y = -2*v - 8, y - 5*y = -s. List the prime factors of -4*((-25)/v - -2).
17
Let a be 84/10*60/18. Let s = -25 + a. Suppose z + s*v = -2*v + 36, -144 = -4*z - 5*v. What are the prime factors of z?
2, 3
Let n = 4620 - 2654. List the prime factors of n.
2, 983
Let z be 6/(-27) - (2310/(-27))/7. Suppose -z*d + 5*d + 511 = 0. What are the prime factors of d?
73
Suppose 7*z = 5*z + 18. Suppose -z*t + 94 = -50. What are the prime factors of t?
2
Suppose 0 = -3*w + 11*q - 9*q + 1208, -394 = -w + 5*q. What are the prime factors of w?
2, 101
Let g = -7254 - -10286. List the prime factors of g.
2, 379
What are the prime factors of (-48188)/(-44) + (-10)/55?
3, 5, 73
Suppose -4*w + 15 = 3*k, -4*k + w = -0*w - 20. Suppose -k*z + 3*z = -5*p + 205, -z = 5*p - 190. List the prime factors of p.
3, 13
Let u be 5 - (3/(-1) - -7). What are the prime factors of 1 + 332/6*(4 - u)?
167
Let u be (-4080)/70 + (-2)/(-7). Let j = 91 + u. List the prime factors of j.
3, 11
Suppose 0 = -2*u + b + 437, 2*b = -4*u + 5*b + 871. List the prime factors of u.
2, 5, 11
Suppose 58 = 2*p - 4*d, -d = 5*p - 3*d - 185. Let m be (-375)/(-13) - (-6)/p. Let k = 49 - m. List the prime factors of k.
2, 5
Let g(z) = -59*z**3 + z**2 + 2*z + 1. Let m be (-4 - (-42)/9)*3/(-2). List the prime factors of g(m).
59
Let z be (-1)/5 - 72525/(-125). Let q be (-22)/33 + z/6. Suppose -y - 4*g = -48, -6*y + q = -4*y - 4*g. List the prime factors of y.
2, 3
Let n(w) = w**3 - 10*w**2 + 9*w + 1. Let a be n(9). Suppose 6 = t + r - 1, -t + 5*r + a = 0. List the prime factors of t.
2, 3
Let d(c) = 10*c + 7. Let p be d(-8). Let m = p - -113. What are the prime factors of m?
2, 5
Let u(x) = 2*x + 1. Suppose 11*t - 16 = 39. List the prime factors of u(t).
11
Suppose 6156 = 5*d + 4*l, -6124 = -5*d - 28*l + 32*l. What are the prime factors of d?
2, 307
Let t(v) = v + 13. Suppose w + 15 = -0*w. Let l be t(w). What are the prime factors of (9 + -10)/(l/26)?
13
Let b = 36 + -31. Suppose 46 = 3*d - b*r, -3*d - 2*r = 2*d - 87. List the prime factors of d.
17
Let d = 6269 + -3931. List the prime factors of d.
2, 7, 167
Let m(z) = 20*z**2 + 2*z + 1. Let i(q) = -q + 2. Let j be i(-6). Suppose 2*p = -4*l + 6, 3*p = j*p - 2*l + 9. List the prime factors of m(p).
19
Let i = 46 - 24. What are the prime factors of ((-3)/15*i)/((-3)/30)?
2, 11
Let w be (6 - 6)*(1 + -2). Let k be -2 + w + 191 + -1. Suppose 5*n - k = 7. What are the prime factors of n?
3, 13
Suppose 0 = -2*w + 8*w - 24. Suppose w*a = -20, -4*a + 2*a + 57 = j. List the prime factors of j.
67
Let c = -711 - -715. List the prime factors of c.
2
Suppose 5*b - 266 = s, -5*s - 154 = -3*b - 3*s. Suppose -p + 9 = 2*p. Suppose 0 = -5*c - r + b, -8*c = -p*c - 2*r - 57. What are the prime factors of c?
11
Let y(t) = -11*t - 1. Let r be y(-1). Suppose -87 = -2*c - 81. Let u = r - c. What are the prime factors of u?
7
Let o be (-1)/((-4)/32*2) + 1. Suppose i - 453 = -4*u, -o*i + 27 = u - 72. What are the prime factors of u?
2, 3, 19
Let q(c) = 6*c**2 - c + 4. Let v be q(-4). Suppose 4*a - 336 = -v. List the prime factors of a.
2, 29
Let q be (-2)/7 + 12328/28. Suppose 3*z + z = q. Suppose -x - 4*x + z = 0. List the prime factors of x.
2, 11
Let g = 47 - 46. What are the prime factors of (g*(-2 + 41))/(8/24)?
3, 13
Let z(g) = g**3 + 12*g**2 + 10*g - 9. Let j be z(-11). Suppose -5*c - 5*k = -915, -c - j*k - 559 = -4*c. What are the prime factors of c?
5, 37
Suppose -6*i = 11*i - 6205. List the prime factors of i.
5, 73
Let a(u) = 15*u**2 + u + 131. List the prime factors of a(0).
131
List the prime factors of 5197/6 - 15/90.
2, 433
Let a = 997 - 588. List the prime factors of a.
409
Let s = 245 - 75. Suppose 2*a - s = -i, -10 = -3*i - 2*i. Suppose -6*h = -0*h - a. What are the prime factors of h?
2, 7
Suppose -8*d + 10309 = -7219. What are the prime factors of d?
7, 313
List the prime factors of (-30)/(-18)*756/15.
2, 3, 7
Suppose -u - 48 = 2*u. Let c be (596/u)/((-5)/20). Suppose 3*g + 2 - c = 0. List the prime factors of g.
7
Let i(v) = v**2 + 3*v + 744. List the prime factors of i(0).
2, 3, 31
Let h(j) = 636*j**2 - 8*j - 5. What are the prime factors of h(-1)?
3, 71
Suppose -p + 166 = 16. Suppose 5*g - 2*g - p = 0. What are the prime factors of g?
2, 5
Suppose 1466 + 1328 = 11*s. List the prime factors of s.
2, 127
Let t be 1/(-3)*(-9 + 0). Suppose -3 = 2*v + t. What are the prime factors of (4 - v) + -2 + 2?
7
Suppose 272 = 21*p - 19*p - 5*k, 5*k - 514 = -4*p. List the prime factors of p.
131
Suppose 8*o - 2150 = 3*o. What are the prime factors of o?
2, 5, 43
Let o = 152 - -350. List the prime factors of o.
2, 251
Suppose 4*a - 362 = -l + 1229, 1 = a. List the prime factors of l.
3, 23
Suppose -2*q - 4*j = -3 + 7, 3*j = 2*q - 3. Suppose -m + s = -66 - 22, -4*m + 3*s + 357 = q. List the prime factors of m.
3, 31
Let l = 2333 + 218. What are the prime factors of l?
2551
Let s(h) = -h**2 + 8*h - 3. Let a be s(7). Suppose j + a - 28 = 0. Let r = j - 6. List the prime factors of r.
2, 3
Let l = -345 + 631. List the prime factors of l.
2, 11, 13
Suppose r + 2258 = 5*v, -3*v + 1347 = 4*r - 2*r. List the prime factors of v.
11, 41
Let n(b) be the first derivative of -5*b**2/2 - 43*b + 4. List the prime factors of n(-18).
47
What are the prime factors of 6/8 - 24159/(-12)?
2, 19, 53
Let v(t) = -6*t**2 - 2*t - 3. Let k = 14 + -10. Let l(a) = 5*a**2 + 2*a + 2. Let b(j) = k*v(j) + 5*l(j). What are the prime factors of b(4)?
2, 11
Let q be (-4 + 3)/(-1*1/3). Suppose 255 - 37 = q*u + 2*a, 3*u = -5*a + 230. List the prime factors of u.
2, 5, 7
Suppose 2*t = -5*k - 36, -2*t = 2*k + 29 + 1. Let m = -37 + t. Let y = m - -100. List the prime factors of y.
2, 5
Suppose 0*i - 4 = k - 3*i, 4*i = 3*k + 7. Let w = k + -2. Let c(u) = -5*u + 1. What are the prime factors of c(w)?
2
Let z = 182 - -326. Suppose z = 4*y - 5*w, 3*w + 57 = 4*y - 443. List the prime factors of y.
2, 61
Suppose 8 = -2*b, -3*b + 1269 = 4*j - 1691. What are the prime factors of j?
743
Let s be 39*(-3 - 16/(-6)). Let c be (-10)/(-65) + 288/s. Let j = 32 + c. List the prime factors of j.
2, 5
Suppose 2 = o - 0*o. Suppose -5*u - l + o = 0, -1 - 7 = -4*l. What are the prime factors of (-4)/(-12)*(u - -75)?
5
Let h(q) = q**2 - 10*q + 23. Let o be h(7). Suppose -o*v - 360 = -6*v. List the prime factors of v.
2, 3, 5
Let f = 10 + -3. Let u = 34 - f. Suppose -3*z + 6 = -u. What are the prime factors of z?
11
Let t be (89/(-2))/(3/(-6)). Suppose -7*q - 128 = 4*d - 3*q, 5*d - 2*q = -153. Let x = t + d. List the prime factors of x.
2, 29
Suppose -5*l - 71 = -z, 6*z - 297 = z - 4*l. Let q(r) = -4*r**3 - 2*r**2 + r + 2. Let k be q(2). Let n = k + z. List the prime factors of n.
5
Let v(z) = z + 23. Let t be v(-11). Suppose -t*q = -13*q - 12. What are the prime factors of 1/(2 + 22/q)?
2, 3
Suppose 0 = 13*l - 10*l + 42. Let x be (l + (-2 - -3))*9. Let w = -66 - x. List the prime factors of w.
3, 17
Suppose 13*g + 2*u = 15*g - 3258, -4*g = -2*u - 6508. What are the prime factors of g?
5, 13
Let f(v) = -39*v + 178. What are the prime factors of f(-11)?
607
Suppose -i = -3*u - 57, 5*i + 107 = 4*u + 425. Suppose -n = -i + 8. What are the prime factors of n?
2, 29
Let z be (3 + -2 - -1) + (-12 - 1). Let f be (9/2)/((-18)/192). Let m = z - f. List the prime factors of m.
37
Let c = -6 + 24. Let u = -2 + c. Suppose u + 68 = 4*w. List the prime factors of w.
3, 7
Let s(v) = -2*v**3 - 25*v**2 - 4*v + 6. Suppose 4*u + 5*u + 117 = 0. List the prime factors of s(u).